
-101001111100
In base 10, what is -1678143 - -2?
-1678141
In base 2, what is 10011 - -1001110001?
1010000100
In base 9, what is 1 + 88537?
88538
In base 12, what is 6 + 640b?
6415
In base 9, what is 7544 + 62?
7616
In base 15, what is 5 + -6574?
-656e
In base 4, what is 203101 - -23?
203130
In base 12, what is -4 - a68?
-a70
In base 12, what is -1 + -164?
-165
In base 16, what is -61 + 81?
20
In base 3, what is 2011102110 + 1?
2011102111
In base 14, what is 53 + 2bc5?
2c38
In base 2, what is -101100111010000111 - 101?
-101100111010001100
In base 9, what is 18573 - 1?
18572
In base 14, what is 7865 + -3?
7862
In base 2, what is 1011010 - -101011001110?
101100101000
In base 16, what is 0 - -5bea?
5bea
In base 9, what is 38121 + -3?
38117
In base 8, what is -251521 + -26?
-251547
In base 2, what is 0 - 101110111010010?
-101110111010010
In base 2, what is -110111110100101 - 1101?
-110111110110010
In base 14, what is -60 + -7722?
-7782
In base 14, what is 2 - -1134?
1136
In base 10, what is -2065053 + 2?
-2065051
In base 3, what is -10111201 + -210222?
-11022200
In base 4, what is 0 + 1000223313?
1000223313
In base 5, what is -200 - 103143?
-103343
In base 16, what is 15f - -212?
371
In base 12, what is 15a66 - -12?
15a78
In base 10, what is -3 - 97670?
-97673
In base 9, what is -340 + 2320?
1870
In base 10, what is 10 - 4534?
-4524
In base 7, what is 10152224 + 4?
10152231
In base 13, what is 4 - -2196bb?
2196c2
In base 2, what is 10011001001 + -110010?
10010010111
In base 12, what is 2 + 437593?
437595
In base 7, what is -23 - -136015?
135662
In base 16, what is -38 - 75e9?
-7621
In base 9, what is 22 - -5371?
5403
In base 2, what is 11001100 + 1000011111010101?
1000100010100001
In base 7, what is -1226 + 133?
-1063
In base 10, what is 2 - -1371625?
1371627
In base 9, what is 1452 + 1053?
2515
In base 12, what is 1a703 + -4?
1a6bb
In base 16, what is -15e + -50?
-1ae
In base 9, what is 4 - 38532?
-38527
In base 13, what is -4b + -121?
-16c
In base 8, what is 16275673 + -3?
16275670
In base 8, what is 2 + -745147?
-745145
In base 3, what is 1121010120 + -2?
1121010111
In base 6, what is -2205545 + 1?
-2205544
In base 4, what is 30213 - 211?
30002
In base 12, what is 93 + 523?
5b6
In base 4, what is -21 - 2000020323?
-2000021010
In base 2, what is -101 + 111110?
111001
In base 10, what is -935 - -159?
-776
In base 13, what is 12669 - 5?
12664
In base 10, what is 333 + -1161?
-828
In base 15, what is -84a + 20?
-82a
In base 5, what is 201424330 + -1?
201424324
In base 14, what is -124 + -72a?
-850
In base 2, what is -100 - 1110011000110110100?
-1110011000110111000
In base 4, what is -320210100 + 3?
-320210031
In base 5, what is 11 - 112041?
-112030
In base 7, what is -2452 + -112?
-2564
In base 5, what is -11020 - 31440?
-43010
In base 15, what is 1b1c + -29?
1ae3
In base 4, what is 22 + 11233021?
11233103
In base 15, what is -11b - -2d?
-dd
In base 10, what is -32 - -1006?
974
In base 15, what is -2 - 7390?
-7392
In base 5, what is 0 - 43212001?
-43212001
In base 14, what is -1cc48 + -8?
-1cc52
In base 12, what is -2a + -31a60?
-31a8a
In base 10, what is 890309 - 5?
890304
In base 7, what is 3320 - 42?
3245
In base 15, what is baa + -20d?
99c
In base 16, what is -1 + -ef7d8?
-ef7d9
In base 15, what is 3 - 2012?
-200e
In base 10, what is 296 - 516?
-220
In base 13, what is 2 - 4c59?
-4c57
In base 3, what is 11 - 2102220121?
-2102220110
In base 12, what is 11b923 + 5?
11b928
In base 13, what is -352 - 1ca?
-54c
In base 7, what is -3 - 312133?
-312136
In base 3, what is -10 + 102010212?
102010202
In base 3, what is 0 + 221021?
221021
In base 2, what is -1000101 - -1100111?
100010
In base 6, what is -33 + 510?
433
In base 11, what is -3 - -20715?
20712
In base 14, what is -138 + 584?
44a
In base 16, what is 0 + 34c7?
34c7
In base 8, what is 3015406 + 2?
3015410
In base 12, what is -4 + 11618?
11614
In base 12, what is -2 + 47538?
47536
In base 6, what is 305 - -13212?
13521
In base 7, what is -1 - -4130224?
4130223
In base 10, what is 35866 + -4?
35862
In base 15, what is 171 - e?
162
In base 3, what is -121222211221 - 0?
-121222211221
In base 15, what is -3 + -8c68?
-8c6b
In base 15, what is -a + -b64?
-b6e
In base 8, what is -33514 + -4?
-33520
In base 2, what is 111 + -1001101011100111?
-1001101011100000
In base 6, what is -4330 + 11051?
2321
In base 11, what is 3 - 208005?
-208002
In base 15, what is 278 - 4?
274
In base 11, what is -349985 + -3?
-349988
In base 13, what is -52 - 201c8?
-2024a
In base 8, what is -5 - -10147?
10142
In base 14, what is 3546 - -3?
3549
In base 16, what is -1f60 - -80?
-1ee0
In base 7, what is 31 - 3164334?
-3164303
In base 11, what is -a950 - -43?
-a908
In base 3, what is 10000221200 - 11?
10000221112
In base 7, what is 5 - -1141221?
1141226
In base 5, what is -1 - 11011414?
-11011420
In base 8, what is 5 - 1655255?
-1655250
In base 13, what is 9a8c - -6?
9a95
In base 7, what is -26 + 2363?
2334
In base 13, what is 0 + 143274?
143274
In base 15, what is 4cd8 + 2?
4cda
In base 8, what is 2436 + -177?
2237
In base 12, what is -1009 + -17?
-1024
In base 7, what is 20 + -2050061?
-2050041
In base 8, what is -3 + 103610?
103605
In base 5, what is 2 - 43140344?
-43140342
In base 12, what is 7a6 + 205?
9ab
In base 3, what is -11 - -12210102220?
12210102202
In base 16, what is -c01 + 14?
-bed
In base 13, what is 23aab - 2?
23aa9
In base 6, what is -2425210 - 3?
-2425213
In base 3, what is 20210001212 - -2?
20210001221
In base 2, what is -100 - 1001100100010000?
-1001100100010100
In base 5, what is 312340432 + 1?
312340433
In base 14, what is 358 - -43?
39b
In base 3, what is -2121 - 2001011012?
-2001020210
In base 10, what is 4 - 23517?
-23513
In base 9, what is -4048107 - 2?
-4048110
In base 11, what is -28 - -4543?
4516
In base 6, what is 1 + -3252?
-3251
In base 7, what is 3663 + -115?
3545
In base 11, what is 4 - 1986a4?
-1986a0
In base 8, what is 17667 - 3?
17664
In base 16, what is 4 + 10e9?
10ed
In base 2, what is 10011000000 + 111001011110?
1001100011110
In base 12, what is -b01aa - -2?
-b01a8
In base 4, what is 0 - -302221?
302221
In base 14, what is -2cd + -22?
-311
In base 14, what is c55 - -33d?
1194
In base 4, what is 2120222 + 0?
2120222
In base 2, what is -100000100011101 + -1111?
-100000100101100
In base 2, what is 10101111101111100100001 - 11?
10101111101111100011110
In base 4, what is -21121001 - -321?
-21120020
In base 14, what is 29 + 8a05?
8a30
In base 9, what is 74076 + 3?
74080
In base 16, what is 5b9 + 5?
5be
In base 14, what is -16 + 20d14?
20cdc
In base 2, what is 100010 - 1000101110000?
-1000101001110
In base 8, what is 134527 - -17?
134546
In base 13, what is 475 - -128?
5a0
In base 16, what is -21d - 90?
-2ad
In base 12, what is -1 - 49733?
-49734
In base 12, what is -8825 + -3?
-8828
In base 8, what is 5 + -71317?
-71312
In base 11, what is -38052 - 4?
-38056
In base 7, what is 4 - 614132?
-614125
In base 14, what is -6 - -564d?
5647
In base 8, what is -2455316 - 1?
-2455317
In base 16, what is -beec - 8?
-bef4
In base 8, what is 611 - 53?
536
In base 10, what is 16284 - 30?
16254
In base 14, what is -120 + 2d8?
1b8
In base 10, what is 0 - 34599?
-34599
In base 5, what is 3 + -124243?
-124240
In base 9, what is -4202 + 248?
-3843
In base 14, what is 848 + 20?
868
In base 9, what is -46776 + -131?
-47017
In base 13, what is 13 - -2c5c0?
2c603
In base 3, what is 21000 - 102101?
-11101
In base 9, what is -120 + -466?
-586
In base 9, what is 35865 + -1?
35864
In base 2, what is -10110001001 - -1010001?
-10100111000
In base 3, what is 11012 + 2012120?
2100202
In base 5, what is -203 - -1001030?
1000322
In base 14, what is 3244b - -7?
32454
In base 15, what is e408 + 6?
e40e
In base 12, what is 8062 - -12?
8074
In base 10, what is -358 + 156?
-202
In base 12, what is -a8837 + -3?
-a883a
In base 15, what is 1 + -403a4?
-403a3
In base 10, what is -137659 + -3?
-137662
In base 11, what is -57a3 + 5?
-5799
In base 5, what is 2 + 102032431?
102032433
In base 15, what is 26a - -41d?
688
In base 14, what is -10288 + -23?
-102ab
In base 9, what is 53718 - 0?
53718
In base 16, what is 2235 + -c1?
2174
In base 6, what is 151 + -13321?
-13130
In base 2, what is -1 - 10001011101?
-10001011110
In base 10, wha